{"id":8,"date":"2023-08-26T10:34:13","date_gmt":"2023-08-26T10:34:13","guid":{"rendered":"https:\/\/otterbacherhof.com\/?page_id=8"},"modified":"2023-09-03T07:26:06","modified_gmt":"2023-09-03T07:26:06","slug":"fleischvermarktung","status":"publish","type":"page","link":"https:\/\/otterbacherhof.com\/?page_id=8","title":{"rendered":"Fleischvermarktung"},"content":{"rendered":"\n<p>Rindfleisch von unseren Tieren ist etwas Besonderes. Den Sommer \u00fcber lebt die Herde auf den weitl\u00e4ufigen Wiesen rund um den Otterbacherhof. Im Winter in unseren gro\u00dfz\u00fcgigen Offenst\u00e4llen. Die K\u00e4lber werden nicht von ihren M\u00fcttern getrennt und genie\u00dfen rund 10 Monate lang gute Weidemilch.<\/p>\n\n\n\n<p>Bei uns bekommen K\u00fche und K\u00e4lber kein Getreideschrot oder \u00e4hnliche Futtermittel, das hei\u00dft, keine Konkurrenz zur Lebensmittelversorgung vom Acker und f\u00fcr die Tiere artgerechte F\u00fctterung mit Raufutter in Form von Weidegras und -kr\u00e4utern, Heu und Silage.\u00a0<\/p>\n\n\n\n<figure class=\"wp-block-image size-large\"><img decoding=\"async\" loading=\"lazy\" width=\"1024\" height=\"768\" src=\"https:\/\/otterbacherhof.com\/wp-content\/uploads\/2023\/09\/rinder-1024x768.jpg\" alt=\"\" class=\"wp-image-92\" srcset=\"https:\/\/otterbacherhof.com\/wp-content\/uploads\/2023\/09\/rinder-1024x768.jpg 1024w, https:\/\/otterbacherhof.com\/wp-content\/uploads\/2023\/09\/rinder-300x225.jpg 300w, https:\/\/otterbacherhof.com\/wp-content\/uploads\/2023\/09\/rinder-768x576.jpg 768w, https:\/\/otterbacherhof.com\/wp-content\/uploads\/2023\/09\/rinder-1536x1152.jpg 1536w, https:\/\/otterbacherhof.com\/wp-content\/uploads\/2023\/09\/rinder-2048x1536.jpg 2048w\" sizes=\"(max-width: 1024px) 100vw, 1024px\" \/><\/figure>\n\n\n\n<p>Deshalb k\u00f6nnen wir direkt ab Hof bestes Rindfleisch anbieten. Hauptsaison f\u00fcr die Fleischvermarktung ist von Oktober bis Weihnachten, aber auch zwischen Februar und Mai gibt es noch regelm\u00e4\u00dfig Schlachttermine. Wir freuen uns \u00fcber die vielen langj\u00e4hrigen Kunden des Hofes, die oft schon in 2. oder sogar 3. Generation nach Otterbach kommen. Genauso \u00fcber neue Gesichter. Ruft uns gerne an oder schreibt eine Mail.<\/p>\n\n\n\n<p><strong>Kontakt: <\/strong><br>Linus und Jenny Steinbach<br>Otterbacherhof, Lochbornstra\u00dfe 1<br>35329 Gem\u00fcnden (Felda)<br>Tel: 0152 2826 8218&nbsp; <br>Mail: <a href=\"mailto:otterbacherhof@posteo.de\">otterbacherhof@posteo.de<\/a><\/p>\n","protected":false},"excerpt":{"rendered":"<p>Rindfleisch von unseren Tieren ist etwas Besonderes. Den Sommer \u00fcber lebt die Herde auf den weitl\u00e4ufigen Wiesen rund um den Otterbacherhof. Im Winter in unseren gro\u00dfz\u00fcgigen Offenst\u00e4llen. Die K\u00e4lber werden nicht von ihren M\u00fcttern getrennt und genie\u00dfen rund 10 Monate lang gute Weidemilch. Bei uns bekommen K\u00fche und K\u00e4lber kein Getreideschrot oder \u00e4hnliche Futtermittel, das [&hellip;]<\/p>\n","protected":false},"author":1,"featured_media":0,"parent":0,"menu_order":0,"comment_status":"closed","ping_status":"closed","template":"","meta":{"footnotes":""},"_links":{"self":[{"href":"https:\/\/otterbacherhof.com\/index.php?rest_route=\/wp\/v2\/pages\/8"}],"collection":[{"href":"https:\/\/otterbacherhof.com\/index.php?rest_route=\/wp\/v2\/pages"}],"about":[{"href":"https:\/\/otterbacherhof.com\/index.php?rest_route=\/wp\/v2\/types\/page"}],"author":[{"embeddable":true,"href":"https:\/\/otterbacherhof.com\/index.php?rest_route=\/wp\/v2\/users\/1"}],"replies":[{"embeddable":true,"href":"https:\/\/otterbacherhof.com\/index.php?rest_route=%2Fwp%2Fv2%2Fcomments&post=8"}],"version-history":[{"count":3,"href":"https:\/\/otterbacherhof.com\/index.php?rest_route=\/wp\/v2\/pages\/8\/revisions"}],"predecessor-version":[{"id":93,"href":"https:\/\/otterbacherhof.com\/index.php?rest_route=\/wp\/v2\/pages\/8\/revisions\/93"}],"wp:attachment":[{"href":"https:\/\/otterbacherhof.com\/index.php?rest_route=%2Fwp%2Fv2%2Fmedia&parent=8"}],"curies":[{"name":"wp","href":"https:\/\/api.w.org\/{rel}","templated":true}]}}