{"id":34,"date":"2023-08-26T12:29:53","date_gmt":"2023-08-26T12:29:53","guid":{"rendered":"https:\/\/otterbacherhof.com\/?page_id=34"},"modified":"2023-08-26T12:29:53","modified_gmt":"2023-08-26T12:29:53","slug":"impressum","status":"publish","type":"page","link":"https:\/\/otterbacherhof.com\/?page_id=34","title":{"rendered":"Impressum"},"content":{"rendered":"\n<h2 class=\"wp-block-heading\" id=\"m46\">Verantwortlich<\/h2>\n\n\n\n<p>Steinbach GbR, Linus und Jennifer Steinbach<\/p>\n\n\n\n<p>Hessische Staatsdom\u00e4ne Otterbacherhof<\/p>\n\n\n\n<p>Lochbornstra\u00dfe 1<\/p>\n\n\n\n<p>35329 Gem\u00fcnden (Felda)<\/p>\n\n\n\n<h2 class=\"wp-block-heading\" id=\"m56\">Kontaktm\u00f6glichkeiten<\/h2>\n\n\n\n<p>E-Mail-Adresse:<\/p>\n\n\n\n<p><a href=\"mailto:otterbacherhof@posteo.de\">otterbacherhof@posteo.de<\/a><br><br>Telefon:<\/p>\n\n\n\n<p>0152 2826 8218<\/p>\n","protected":false},"excerpt":{"rendered":"<p>Verantwortlich Steinbach GbR, Linus und Jennifer Steinbach Hessische Staatsdom\u00e4ne Otterbacherhof Lochbornstra\u00dfe 1 35329 Gem\u00fcnden (Felda) Kontaktm\u00f6glichkeiten E-Mail-Adresse: otterbacherhof@posteo.de Telefon: 0152 2826 8218<\/p>\n","protected":false},"author":1,"featured_media":0,"parent":0,"menu_order":0,"comment_status":"closed","ping_status":"closed","template":"","meta":{"footnotes":""},"_links":{"self":[{"href":"https:\/\/otterbacherhof.com\/index.php?rest_route=\/wp\/v2\/pages\/34"}],"collection":[{"href":"https:\/\/otterbacherhof.com\/index.php?rest_route=\/wp\/v2\/pages"}],"about":[{"href":"https:\/\/otterbacherhof.com\/index.php?rest_route=\/wp\/v2\/types\/page"}],"author":[{"embeddable":true,"href":"https:\/\/otterbacherhof.com\/index.php?rest_route=\/wp\/v2\/users\/1"}],"replies":[{"embeddable":true,"href":"https:\/\/otterbacherhof.com\/index.php?rest_route=%2Fwp%2Fv2%2Fcomments&post=34"}],"version-history":[{"count":1,"href":"https:\/\/otterbacherhof.com\/index.php?rest_route=\/wp\/v2\/pages\/34\/revisions"}],"predecessor-version":[{"id":35,"href":"https:\/\/otterbacherhof.com\/index.php?rest_route=\/wp\/v2\/pages\/34\/revisions\/35"}],"wp:attachment":[{"href":"https:\/\/otterbacherhof.com\/index.php?rest_route=%2Fwp%2Fv2%2Fmedia&parent=34"}],"curies":[{"name":"wp","href":"https:\/\/api.w.org\/{rel}","templated":true}]}}